hen d is divided by 8?
6
Let o(n) = 2*n**2 + 23*n - 89. Calculate the remainder when 29 + (4/2)/2 is divided by o(-15).
14
Suppose -25 = -3*r + 83. Suppose -3*d + 5*b = -42 - 16, 2*d - 2*b = r. What is the remainder when 46 is divided by d?
14
Let k = 3 + -1. What is the remainder when ((-1)/k)/(1/(-22)) is divided by 6?
5
Suppose 7*o - 3*o - 392 = 0. What is the remainder when o is divided by 17?
13
Let i(y) = 19*y + 8. Calculate the remainder when i(5) is divided by 26.
25
Let f be (-1)/(2/40)*-2. Suppose -f = -0*g - 5*g. Calculate the remainder when 13 is divided by g.
5
Suppose -3*i + 58 = -14. Let q = 15 - 13. Suppose -q = -f + 69. What is the remainder when f is divided by i?
23
Suppose 0 = c + 4*o - 20 - 1, 2*c - 58 = -4*o. Let l(r) = -r**2 + 2*r + 19. Calculate the remainder when c is divided by l(0).
18
Let v(b) = 5*b**2 - 3*b + 5. Let r(k) = -6*k**2 + 2*k - 4. Let n(s) = -4*r(s) - 3*v(s). Calculate the remainder when n(-1) is divided by 5.
4
Suppose 5*n - u - 3*u = 21, 0 = 5*n - 2*u - 23. Suppose 4*a - 254 = 5*v - 3*v, n*a - 2*v - 320 = 0. What is the remainder when a is divided by 17?
15
Calculate the remainder when (-7)/((-2)/(-6)*-1) is divided by 6.
3
Let y(x) = x**2 + 4*x + 4. Calculate the remainder when 0 - (1 - 1) - -9 is divided by y(-4).
1
Suppose -j + 4*n = -5, -5*j + 0*n = 3*n - 2. Suppose -g + 12 = -5*f, -3*g + 4*g = -3*f - 12. Let y = 5 + g. What is the remainder when y is divided by j?
0
Suppose y = 4 - 1. Suppose j + 4*u = -y*j + 72, j + 2*u = 19. Calculate the remainder when 48 is divided by j.
14
Let a = -120 + 134. What is the remainder when 27 is divided by a?
13
Suppose -3*x + 40 = -77. What is the remainder when x is divided by 21?
18
Suppose 5*f = -11 + 1, 3*f = -d + 3. Let a(t) = -t**2 - 8*t. What is the remainder when a(-4) is divided by d?
7
Let u(s) = 17*s - 24. What is the remainder when u(6) is divided by 28?
22
Let s(l) = -12*l - 4. Let z(f) = 18*f + 6. Let x(w) = -8*s(w) - 5*z(w). What is the remainder when x(2) is divided by 5?
4
Calculate the remainder when (-80)/12*(-228)/16 is divided by 9.
5
Suppose n + 3*g - 30 = -2*n, -3*n = -4*g + 5. Suppose n*s = -12 + 97. What is the remainder when 50 is divided by s?
16
Let a be ((-400)/28)/5*-7. Suppose -a = -2*c - 4. What is the remainder when 31 is divided by c?
7
Let z(n) = -n**3 - 18*n**2 + 28. Calculate the remainder when 78 is divided by z(-18).
22
Suppose -v - 3*m + 17 = 0, -4*v + 3*v - 5*m = -17. Calculate the remainder when v is divided by 10.
7
Let s = 40 + -8. What is the remainder when 62 is divided by s?
30
Let b(z) = 13*z - 7. What is the remainder when 11 is divided by b(1)?
5
Calculate the remainder when (342/(-24))/(-3)*4*1 is divided by 2.
1
Let y(o) = 4*o**3 + o**2 - 2*o + 1. Let u be y(1). Let r = u - -12. Calculate the remainder when ((-62)/(-3))/(1/3) is divided by r.
14
Calculate the remainder when 106 is divided by (-9)/(((-2)/(-6))/(-1)).
25
Suppose 5*i - 2*i - 15 = 0. What is the remainder when 34 is divided by i?
4
Let h(x) = -x**3 - 3*x**2 - 4*x - 6. Calculate the remainder when h(-4) is divided by 7.
5
Let t(l) = -l**2 + 10*l - 9. Let z be t(10). Calculate the remainder when (-3)/z - 276/(-9) is divided by 11.
9
Suppose 16*q = 15*q + 5. Calculate the remainder when 4/(-10)*-1*35 is divided by q.
4
Suppose k + 4*o = 12, 0 = -k + 6*o - 2*o + 20. Calculate the remainder when 45 is divided by k.
13
Suppose 0 = i - 2 - 1, 3*l + i - 33 = 0. What is the remainder when 28 is divided by l?
8
Let s(i) = -9*i + 1. Let t be s(-7). Calculate the remainder when 3/(-2)*t/(-6) is divided by 9.
7
Suppose -2*i + 5 = f - 9, -4*f + 40 = 4*i. Calculate the remainder when 22 is divided by f.
4
Let d = -2 + 24. Calculate the remainder when 38 is divided by d.
16
Let z(h) = -h**2 + 5*h - 3. Let w be z(3). Suppose -w*v + 7*v + 2*j = 312, 5*j + 20 = 0. Suppose v = 5*f - f. What is the remainder when 39 is divided by f?
19
Let f = 36 - 21. Calculate the remainder when 43 is divided by f.
13
Let j(h) = h + 3. Let x = -17 - -25. Calculate the remainder when (-2)/8 + (-375)/(-12) is divided by j(x).
9
Let s be -4 + (0 + 90)/2. Let q = s - 17. Calculate the remainder when 68 is divided by q.
20
Suppose -347 = -t + 303. What is the remainder when 21 is divided by t/55 - (-2)/11?
9
Suppose -4*z + 32 + 64 = 0. Suppose -u + 4*q = 11, 2*u - 2*q + 7*q = 43. Calculate the remainder when z is divided by u.
6
Let h = -69 - -106. Calculate the remainder when h is divided by (-17 - -4)*(-1 + 0).
11
Calculate the remainder when 34 is divided by (-53)/(-5) - (-57)/(-95).
4
Suppose 4 = c - 3. Calculate the remainder when 13 is divided by c.
6
Let g = 3 - 1. Let b(h) = -3*h - g + 2*h**2 - 1 + 3. What is the remainder when b(5) is divided by 18?
17
Suppose -2*w + 3*w - 9 = 0. Calculate the remainder when 15 is divided by w.
6
Let w = 158 - 147. What is the remainder when 20 is divided by w?
9
Suppose -5*y = -m - 0*m + 85, -5*m + 5*y + 385 = 0. What is the remainder when m is divided by 19?
18
Let g = 16 + 7. What is the remainder when g is divided by 6?
5
Suppose -b + 2 + 3 = 0. Suppose -b*v - 3 = -3*o, 3*v - 5 - 4 = 0. Suppose 78 = 4*h + 5*k, 2*k + 38 = 2*h + 4*k. What is the remainder when h is divided by o?
5
Let b = 28 + -2. Calculate the remainder when 77 is divided by b.
25
Suppose 0 = 4*w + 5*r - 76, -4*w - 3*r + 36 = -32. Suppose z - 4*z = -12. What is the remainder when w is divided by z?
2
Let y = 93 + 50. What is the remainder when y is divided by 48?
47
What is the remainder when 30/50 + 514/10 is divided by (-184)/(-10) + (-2)/5?
16
Let l(a) = -a**2 + 9*a + 2. Let o be (-2)/10 - 46/(-5). Let j be 21*(2 - 15/o). What is the remainder when l(j) is divided by 9?
7
Let j(n) = -15*n - 27. What is the remainder when j(-8) is divided by 19?
17
Let n = -94 + 233. What is the remainder when n is divided by 35?
34
Let p(m) = -m**2 - 8*m + 7. Let w(a) = 10 - 5*a + 45 + a**3 + 4*a. What is the remainder when w(0) is divided by p(-7)?
13
Suppose -31*c = -29*c - 36. Calculate the remainder when 59 is divided by c.
5
Suppose 0 = 3*r + r - 248. Suppose -4*g + 3*y + 2*y = -r, g - 19 = 3*y. Suppose -38 = -2*f + 36. Calculate the remainder when f is divided by g.
11
Let r be (2/4)/((-1)/(-8)). Let j(g) = 3*g**2 - g - 4. Let s be j(r). Suppose 2*d = -2*d + s. What is the remainder when 19 is divided by d?
9
Suppose 3*k + 1 = y - k, 3*k + 3 = 3*y. Suppose -5*q - 4*c + 80 = 0, -y = 6*q - 4*q - 5*c. What is the remainder when q is divided by 5?
2
Let z(l) = 10*l**3 - l**2. Calculate the remainder when 17 is divided by z(1).
8
Let f = 80 - 47. Calculate the remainder when f is divided by 17.
16
Suppose 3*i - 19 - 8 = 0. Calculate the remainder when ((-80)/24)/((40/36)/(-5)) is divided by i.
6
Suppose -30 = i - 43. Calculate the remainder when 36 is divided by i.
10
Suppose -5*o + 10 = 5*n, -5*o + 3*n = -29 + 3. Suppose 8 = d - o. Let h = 8 + 27. What is the remainder when h is divided by d?
11
Let v(r) = -r**2 + 4*r + 2. Suppose s + 4*s = 50. What is the remainder when v(3) is divided by (-2)/(-5) - (-16)/s?
1
Suppose 0 = -4*n + i + 75, -2*i + 3*i + 3 = 0. What is the remainder when n is divided by 5?
3
Suppose -w - 82 = -0*w. Let d = -53 - w. Calculate the remainder when d is divided by 10.
9
Let i = -54 + 227. What is the remainder when i is divided by 29?
28
Suppose 0 = -3*f + 5 + 4. Let t(b) = 2*b - 1. Let a(u) = u - 1. Let o(z) = -3*a(z) + t(z). Calculate the remainder when f is divided by o(0).
1
Let s = -65 + 89. What is the remainder when 81 is divided by s?
9
Let b(k) = k. Let u be b(2). Suppose -u*j - 84 = -6*j. Calculate the remainder when j is divided by 8.
5
Let c(h) = -3*h + 1. Let l be c(2). Let x = -1 - l. Suppose x*f = f + 15. What is the remainder when 14 is divided by f?
4
Let c(h) = 2*h**3 - 4*h**2 + 4*h - 2. Calculate the remainder when 15 is divided by c(2).
3
Suppose 11*n + 56 = 15*n. Calculate the remainder when n is divided by 8.
6
Suppose 0 = 2*y - 3 - 3. Suppose u - y*u = 4*l - 118, 3*u - 157 = 4*l. Let f = 416 - 402. Calculate the remainder when u is divided by f.
13
Suppose -l = -5*b - 16, -b + 2*l = -3*l - 16. Let u = b - -61. Calculate the remainder when 56 is divided by (2/6)/(1/u).
18
Suppose 4*z = -z + 235. Calculate the remainder when 280 is divid